{"id":1588,"date":"2020-06-08T12:54:11","date_gmt":"2020-06-08T12:54:11","guid":{"rendered":"http:\/\/rheinklangwesseling.de\/?page_id=1588"},"modified":"2020-06-08T13:26:38","modified_gmt":"2020-06-08T13:26:38","slug":"ueber-uns","status":"publish","type":"page","link":"https:\/\/rheinklangwesseling.de\/?page_id=1588","title":{"rendered":"\u00dcber uns"},"content":{"rendered":"\n<h1 class=\"wp-block-heading\">Wie Rheinklang 669 entstand<\/h1>\n\n\n\n<p>Wir sind eine Gruppe von Privatpersonen, die sich entschlossen hat:<br><em>&#8222;Wir wollen Live-Musik in unsere Stadt bringen und Leben in die Innenstadt bringen.&#8220;<br><\/em><br>Es wurde hin und her \u00fcberlegt und daraus entstand die Idee, ein kleines Musikfestival ins Leben zu rufen.<br><br>Seit Mai 2011 finden sich Menschen unserer Stadt (und auch von au\u00dferhalb) zusammen, um dieses Festival und alles, was dazu geh\u00f6rt, zu organisieren. Auch erfahren wir immer mehr finanzielle Unterst\u00fctzung von Gesch\u00e4ften, Unternehmen und Privatpersonen durch Anzeigen und Spenden. Sie tragen mit Ihrem Besuch und Ihren Spenden dazu bei, dass unser aller RheinKlang669 lebt und w\u00e4chst. Wir freuen uns Jahr f\u00fcr Jahr auf das RheinKlang669 \u2013 Festival und das wollen wir noch viele Jahre so halten, Sie alle helfen uns dabei!<\/p>\n","protected":false},"excerpt":{"rendered":"<p>Wie Rheinklang 669 entstand Wir sind eine Gruppe von Privatpersonen, die sich entschlossen hat:&#8222;Wir wollen Live-Musik in unsere Stadt bringen und Leben in die Innenstadt bringen.&#8220;Es wurde hin und her &hellip; <\/p>\n<p class=\"link-more\"><a href=\"https:\/\/rheinklangwesseling.de\/?page_id=1588\" class=\"more-link\"><span class=\"screen-reader-text\">\u201e\u00dcber uns\u201c <\/span>weiterlesen<\/a><\/p>\n","protected":false},"author":1,"featured_media":0,"parent":0,"menu_order":0,"comment_status":"closed","ping_status":"closed","template":"","meta":{"ngg_post_thumbnail":0,"footnotes":""},"class_list":["post-1588","page","type-page","status-publish","hentry"],"_links":{"self":[{"href":"https:\/\/rheinklangwesseling.de\/index.php?rest_route=\/wp\/v2\/pages\/1588","targetHints":{"allow":["GET"]}}],"collection":[{"href":"https:\/\/rheinklangwesseling.de\/index.php?rest_route=\/wp\/v2\/pages"}],"about":[{"href":"https:\/\/rheinklangwesseling.de\/index.php?rest_route=\/wp\/v2\/types\/page"}],"author":[{"embeddable":true,"href":"https:\/\/rheinklangwesseling.de\/index.php?rest_route=\/wp\/v2\/users\/1"}],"replies":[{"embeddable":true,"href":"https:\/\/rheinklangwesseling.de\/index.php?rest_route=%2Fwp%2Fv2%2Fcomments&post=1588"}],"version-history":[{"count":3,"href":"https:\/\/rheinklangwesseling.de\/index.php?rest_route=\/wp\/v2\/pages\/1588\/revisions"}],"predecessor-version":[{"id":1624,"href":"https:\/\/rheinklangwesseling.de\/index.php?rest_route=\/wp\/v2\/pages\/1588\/revisions\/1624"}],"wp:attachment":[{"href":"https:\/\/rheinklangwesseling.de\/index.php?rest_route=%2Fwp%2Fv2%2Fmedia&parent=1588"}],"curies":[{"name":"wp","href":"https:\/\/api.w.org\/{rel}","templated":true}]}}